h is divided by 21?
18
Let b(s) = -s**2 - 13*s + 2. What is the remainder when b(-9) is divided by 20?
18
Let h(g) = -g**3 + 6*g**2 + g - 7. Let q be h(6). Let p(i) = -7*i. What is the remainder when 12 is divided by p(q)?
5
What is the remainder when 44 is divided by 1*1/7 - (-334)/14?
20
What is the remainder when 15 is divided by (-1 - 0) + 72/8?
7
Calculate the remainder when 3 is divided by 0 - (0 + -1) - -2.
0
Let y = 10 + -5. Calculate the remainder when 60/8*4/y is divided by 3.
0
Suppose 2*z + 2*z - 52 = 0. What is the remainder when 896/18 + (-2)/(-9) is divided by z?
11
Suppose -16 + 0 = -4*a. Suppose -4*j + 20 = a. What is the remainder when j is divided by 2?
0
Suppose 2*t + 5*z = 6, -2*t + 3*z + 6 + 0 = 0. Calculate the remainder when 7 is divided by t.
1
Suppose 0 = 3*v + 4*x - 26, 0*v + 3*x = -2*v + 18. Suppose -z + 1 = 5*w, -7*w = -z - 2*w + 21. Calculate the remainder when z is divided by v.
5
Suppose -4*h + 36 = -2*h - 2*s, 56 = 3*h - s. What is the remainder when 113 is divided by h?
18
Let i(q) = 16*q**2 - 6*q - 6. Let c be i(5). Suppose -c = -6*p + 170. Calculate the remainder when p is divided by 30.
29
Let q(t) = -t + 28. What is the remainder when q(-10) is divided by 21?
17
Let l = -1 - 2. Let m(b) = -13*b - 4. Calculate the remainder when m(l) is divided by 18.
17
Suppose -5*x = 111 - 626. What is the remainder when x is divided by (3 + (-5)/2)*(-3 + 55)?
25
Suppose -5*h + 37 = 3*a, h - a + 0 - 1 = 0. Suppose -4*m - 10 = -h*m. Let s = m - 6. Calculate the remainder when s is divided by 2.
0
Let a = -1 + 4. Suppose -t + q = -37, -a*t + 0*q + 87 = 5*q. What is the remainder when t is divided by 7*5/(105/36)?
10
Let b(n) = 4*n**2 + 12*n - 7. What is the remainder when b(-4) is divided by 6?
3
Let c be (-6)/15*-20*1. Suppose -v + 4*d + c = -3*v, -4*v + d = -11. What is the remainder when 6 is divided by v?
0
Let q(m) = -m**2 + 7 + 6 - 9*m - 3 + 6. What is the remainder when 94 is divided by q(-8)?
22
Let h = -3 - -6. Suppose -h*o + 8*o = -85. Let i = -3 - o. Calculate the remainder when i is divided by 8.
6
Let q be 8/(-2) - -1 - 8. Let p(c) = -c + 18. Calculate the remainder when p(q) is divided by 16.
13
Let w(o) = 4*o**2 - o + 2. Suppose 3*j - 2*d - 276 = -104, 0 = -5*j + 2*d + 288. What is the remainder when j is divided by w(-2)?
18
Suppose 2*v - 37 - 13 = 0. What is the remainder when v is divided by 13?
12
Suppose 0 = -2*g - 14 - 10. Suppose -2*i = -2*o + 40, -5*o + 2*i = -10*o + 72. Calculate the remainder when o is divided by (3/2)/((-2)/g).
7
Suppose 16 = -0*j - 4*j - 4*c, -3*c = 2*j + 13. Suppose 1 = w - 1. What is the remainder when w is divided by j?
0
Suppose 5*v - 2*m + 5*m = 235, 0 = -2*v + 3*m + 73. What is the remainder when v is divided by 24?
20
Suppose 5*g - o + 10 = 3*o, 3*g + 4 = 2*o. Let n be (-2 + -3)*5 - 1. What is the remainder when g is divided by (-8)/(-60) - n/30?
0
Let y(s) = 37*s**3 + s**2 - s + 2. Calculate the remainder when y(1) is divided by 10.
9
Let u = 67 - 43. What is the remainder when 95 is divided by u?
23
Let f = -139 + 143. What is the remainder when 6 is divided by f?
2
Let w = -421 + 718. What is the remainder when w is divided by 50?
47
Let o(x) = 2*x**2 + 3*x**2 + 3*x**2 - 3 - 3*x + 2*x**2. Let k be o(-2). Let i = 69 - k. Calculate the remainder when i is divided by 14.
12
Let r(z) = -z**2 - 8*z + 7. Let i = 78 + -71. Calculate the remainder when r(-6) is divided by i.
5
Let z = 19 + -17. Suppose 0*j + 35 = 4*f + 3*j, -5*j - 3 = -f. Suppose -z*i = -0*i - f. What is the remainder when 7 is divided by i?
3
Suppose 0 = -3*t + x + 472, -2*t + 13 + 295 = x. Calculate the remainder when 3/2*t/18 is divided by 7.
6
Suppose 0*h - 2*h = 4. Calculate the remainder when (h/3)/((-3)/90) is divided by 7.
6
Suppose 0 = -6*n + n + 25. Suppose -3*t + 2*t - 58 = -2*a, n*t - 20 = 0. Calculate the remainder when a is divided by 8.
7
Suppose l - n + 2*n - 4 = 0, 3*l - 4*n + 2 = 0. Suppose 170 = l*o + 3*o. Calculate the remainder when o is divided by 12.
10
Suppose 0 = 2*i - 2, 3*i - 7 = -k - 2*i. Suppose -w = k*w - 24. Suppose p - w - 19 = 0. Calculate the remainder when p is divided by 14.
13
Let u(n) = n**2 + 1. Let g be u(0). Let p = 1 - g. Suppose p*q - q = -5. What is the remainder when 13 is divided by q?
3
Calculate the remainder when 76 is divided by (26/(-4))/((-14)/4 - -3).
11
Let u = -35 - -61. Let x be 15/(-1)*8/(-20). What is the remainder when u/x + (-6)/18 is divided by 3?
1
Suppose 0 = g, -5*g - 69 = 4*t - 233. Calculate the remainder when t is divided by 21.
20
Suppose 0 = 5*r - 128 + 8. Let k(j) = 10*j**2 - 1. Calculate the remainder when r is divided by k(1).
6
Suppose -2*r + 6 = 0, 3*p + 0*r - 18 = -r. What is the remainder when 10 is divided by p?
0
Let n(a) = a**3 - 5*a**2 + 3*a - 4. Suppose 0*k = -k + 2. Suppose -2*q + g + 13 = -0*q, k*g = -2. Calculate the remainder when n(5) is divided by q.
5
Let y be (0/2)/(6 - 5). Suppose 13 - 1 = 3*u, -5*p - 5*u + 85 = y. Suppose t - 4*t + 111 = 0. Calculate the remainder when t is divided by p.
11
Let t(z) = 6*z + 4. Let h(v) = -v**3 - v**2 + 3*v - 3. Let k be h(-3). Let u(y) = -3*y - 1. What is the remainder when t(k) is divided by u(-5)?
12
Suppose -4*a + 20 = a. Suppose 2*s = -s, -a*c = -4*s - 52. What is the remainder when 25 is divided by c?
12
Suppose -t + 132 = 3*t - 4*z, -t = 5*z - 39. Let h = 13 - 4. Suppose 2*w - k = 37, h*w - 4*w = -5*k + 85. What is the remainder when t is divided by w?
16
Let w = 4 + -1. Suppose -40 = -3*r + 2*q + w*q, 3*r = -2*q + 5. What is the remainder when 14 is divided by r?
4
Suppose -r = 4*r. Let c(h) = 2*h + 33. What is the remainder when r/(2 - -1) - -19 is divided by c(-14)?
4
Let l be (-436)/12 + 4/(-6). Let n = l + 53. Let w(d) = d**2 - 5*d. What is the remainder when n is divided by w(6)?
4
Suppose -4*n = 28 - 148. Calculate the remainder when n is divided by 11.
8
Suppose 9*j - 371 = 52. What is the remainder when j is divided by 15?
2
Let r = -11 - 69. Let j = r - -118. Suppose 4*b - 2*p - 56 = 0, 4*b - 46 = -0*b - 3*p. Calculate the remainder when j is divided by b.
12
Suppose 3*q + 142 = 5*q. Calculate the remainder when q is divided by 18.
17
Suppose 3*m - 15 - 45 = 0. Let p(z) = 2*z**2 - 4*z - 81. Calculate the remainder when p(10) is divided by m.
19
Let u(l) = 3*l - 8. Let b be u(6). Suppose -b = 2*m - 3*m. Calculate the remainder when 38 is divided by m.
8
Suppose 21 = 5*m + 3*b, -2*m + 2*b - 3*b + 8 = 0. Suppose 8 - m = 5*p. Suppose -5*c + 5 + 0 = 0. What is the remainder when c is divided by p?
0
Suppose -f = p - 2, 0 = 5*f + p + 3*p - 12. Suppose -f*z - 65 = -9*z. What is the remainder when 38 is divided by z?
12
Let d(q) = q - 4. Let g be d(0). Let c be (-2)/(g/18*-3). Let b = c - -5. Calculate the remainder when b is divided by 1.
0
What is the remainder when 10 is divided by (-54)/63*1*-7?
4
Suppose -a - 14 = -2*l + 3*a, -2*a + 21 = 3*l. Let u(h) = 2*h + 4*h**2 - 4*h - 3*h**2 - 1 - 2. What is the remainder when u(-3) is divided by l?
5
Let f be 1 + 0 + (-12 - -16). Suppose 0 = f*n + m - 186, 4*m = n - 42 - 12. What is the remainder when n is divided by 8?
6
Let i(w) = w + 4. Let q be i(4). Let j = -5 + q. Suppose -j*x - 8 = -5*x, -y - 3*x + 34 = 0. What is the remainder when 43 is divided by y?
21
Let z(s) be the first derivative of -1/3*s**3 + 2*s - 1/2*s**2 - 1. Calculate the remainder when z(0) is divided by 1.
0
Suppose -13*j = -4*j - 45. Calculate the remainder when 15 is divided by j.
0
Let f(n) = -13*n + 2 + 3*n - n**2 + 2. Let w = -23 - -14. What is the remainder when 38 is divided by f(w)?
12
Let c(k) = k**2 - 6*k - 20. What is the remainder when 11 is divided by c(-3)?
4
Calculate the remainder when 24 is divided by 3/(-1 - -4)*13.
11
Suppose -5*h = 4*g - 377, 5*h - 2*g - 298 - 91 = 0. Let i = h + -27. What is the remainder when i is divided by 17?
16
Suppose 5*r + 2*a = -0*a + 191, -3*r + 3*a + 123 = 0. What is the remainder when r is divided by 10?
9
Suppose 4*p - 188 = 32. Calculate the remainder when p is divided by 29.
26
Let l = 34 - -6. Let g be ((-1)/2 + 0)*-120. Suppose 2*d + g = 4*v - 0*d, -4*d + 20 = 2*v. Calculate the remainder when l is divided by v.
12
Let z be ((-12)/15)/((-2)/5). Let h(t) = 7*t**2 - 4*t + 3. What is the remainder when h(z) i